ose 0 = -5*p - 3*g + z, -5*g + 12 = -2*p - 1. Determine f(p).
1
Let p = -8 - -15. Let k = -9 + p. Let r(v) = v**2 - v. Determine r(k).
6
Let u(v) = -2*v. Let f(s) = -8*s - 1. Let q(y) = 2*f(y) - 9*u(y). What is q(4)?
6
Let l be (-4)/1*(-3)/3. Let h(s) = -l*s + 0*s + 2*s. Suppose -3*i + 3 = 12. Determine h(i).
6
Let o(d) be the second derivative of d**5/20 + 5*d**4/12 + 7*d**3/6 + 2*d**2 + 17*d. Calculate o(-4).
-8
Let q(m) = -6*m - 1. Let s(k) = -k + 2. Let y be s(4). Let i be q(y). Let t = i + -7. Let d(n) = n**3 - 5*n**2 + 6*n - 6. What is d(t)?
2
Suppose 5*d = -q + 17, 6*d - 4*d + 4*q = 14. Let c(p) = -p + 3*p + d*p - 8 + 3. Calculate c(4).
15
Let v(r) = -14*r**3 + 1 - r**2 + 4*r**3 + 9*r**3. Give v(-1).
1
Suppose -2*p = 3*p + 2*c - 19, -p - 1 = 2*c. Let o(b) = -b**3 + b**2 - b - 1. Let f(v) = -2*v**3 - 2*v**2 - 3*v + 2. Let g(i) = f(i) - 3*o(i). Give g(p).
5
Suppose 3*c - z + 9 = 0, 10 = -5*c + 5*z - 15. Let x(b) = -4*b**2 - 2*b + 1. Give x(c).
-11
Let h = -11 + 18. Let o(y) = -5*y**3 - 6*y**2 + y - 6. Let u(v) = 9*v**3 + 12*v**2 - v + 12. Let c(g) = 11*o(g) + 6*u(g). Give c(h).
-8
Suppose -2*w + 8 + 4 = 0. Suppose z = 2*z + 1. Let m(d) = d**2 + d. Let i(j) = -3*j**2 + 4*j - 6. Let p(k) = z*i(k) - 2*m(k). Calculate p(w).
6
Let r(s) = -s**2 + 6*s + 3. Suppose 5*g - 21 = -6. Suppose -4*q + 5*p = -58, g*q = q - 2*p + 38. Suppose -3*n = 4*l - 3*l - q, 5*l = n + 21. Give r(n).
11
Let m(y) = -y. Let k = 39 - 38. Give m(k).
-1
Let o(k) be the first derivative of 1/4*k**4 + k**3 + 2*k - 1 + 0*k**2. Suppose -3*g - g + 3*i - 24 = 0, -5*g - 19 = -i. What is o(g)?
2
Suppose -3*l + 170 - 47 = 0. Suppose -l = -4*j + 5*h, -j + 6*j - 30 = 2*h. Let g(v) = -j*v + 3*v + 3 + 5. What is g(0)?
8
Let f(b) = -b**3 - 12*b**2 + 2*b + 17. Let w be f(-12). Let x(q) = -q**3 - 7*q**2 + 2. Give x(w).
2
Let f(k) = k**3 + 7*k**2 + 6*k - 1. Let d be f(-6). Let g be -1 + ((-4)/d)/1. Let w(q) = 4 + 0*q - 3*q - 2*q + 4*q. Determine w(g).
1
Let m(h) be the first derivative of 1/4*h**4 - h + 2 - h**2 + h**3. Let f(j) = -j + 3. Let a be f(7). Give m(a).
-9
Let y(b) be the first derivative of -5*b**3/3 + b**2/2 + b - 27. Calculate y(2).
-17
Suppose -4 = -2*r + 2. Suppose -16 = -4*c, r*k - 5*k = 3*c - 6. Let o be 1 + k - -8*1. Let l(v) = -v + 5. What is l(o)?
-1
Let m(g) = -g**2 - 2*g - 2. Let p = 9 - 6. Suppose 15 = -2*u - p*u. Give m(u).
-5
Let s(n) be the second derivative of -n**5/60 - n**4/8 + n**3/3 - n**2/2 - 7*n. Let t(c) be the first derivative of s(c). What is t(-3)?
2
Suppose -12 = -4*l, -4*f + 111 = -0*l + l. Suppose 0 = -5*c + u - f, 0 = 5*c + 4*u + 32 + 10. Let g(o) = o + 1. Determine g(c).
-5
Let o(b) be the first derivative of b**4/4 + 4*b**3/3 + 3*b + 3. Give o(-4).
3
Suppose -t = -4, -t + 9 - 5 = 2*m. Let w(h) = -h - 5. Calculate w(m).
-5
Suppose 3*n = -5*s - 6, s - 6 = -n + 4*n. Let x = 2 - s. Let g(z) = 4*z + 1. Let q(i) = i. Let l(v) = -2*g(v) + 11*q(v). Give l(x).
4
Let b(d) = 3 - 2*d**3 + 2*d - 3*d - 1 + 2*d**2. Let i be (-2 - (-3 + 3))/(-1). Calculate b(i).
-8
Let u(t) = t**3 - 5*t**2 - 8*t + 7. Let f(y) = 2*y + 2. Let s be f(2). Let m be (3/(-1))/((-3)/s). What is u(m)?
-5
Let y(n) = -n**3 - 2*n**2 - 2*n + 1. Let t(a) = -3*a**2 - 17*a - 12. Let r be t(-5). Give y(r).
5
Let q(m) = 3*m - 3. Let t be 3*2 - (0 - -2). Give q(t).
9
Let q(k) = k**2. Let a(d) = -5*d**2 + d. Let m(w) = -a(w) - 4*q(w). Suppose 0*o = -x - o, -4*o - 20 = -x. Determine m(x).
12
Suppose 2*q = 7 - 1. Suppose -p + 2*i = -i - 9, -4*p + 9 = -q*i. Let y(c) be the third derivative of c**6/120 + c**4/24 - 3*c**3/2 - c**2. What is y(p)?
-9
Let t(u) = u**2 + 2. Let i be t(0). Let b = 6 - i. Let f(x) = -7 - 6*x + x + b*x. Calculate f(-5).
-2
Suppose 0 = -2*l - 3*g + 13, l + 3*l - 6 = -2*g. Let h(f) = -f**3 + f + 1. Calculate h(l).
1
Let b(y) = y - 1. Suppose 0 = -2*p - 3*p - 25. What is b(p)?
-6
Let z(d) = d - 3. Let f be (72/16)/(6/(-16)). Let t = 12 + f. Give z(t).
-3
Let n(v) = -13 + 6*v - v + v + 6*v**2. Let b(j) = -j**2 + 6*j**2 - 2*j + 0*j + 8*j - 12. Let w(i) = 7*b(i) - 6*n(i). Calculate w(5).
-1
Let c = 18 - 35/2. Let h(a) be the second derivative of c*a**2 + 1/6*a**3 + 2*a - 1/12*a**4 + 0. Determine h(2).
-1
Let v(o) = o**2 + 3*o + 3. Let s(t) = t**2 + 2*t + 3. Let g(q) = 4*s(q) - 5*v(q). Let l be 8/10*(-15)/(-6). Suppose l*k + 25 = -3*k. Calculate g(k).
7
Let s(g) be the second derivative of -g**4/12 - g**3/6 - g**2/2 - g. Let l = 16 - 17. Calculate s(l).
-1
Let t(c) = c**2 - 4*c + 1. Suppose 128 = 2*s + 2*s + 3*k, -2*k = -2*s + 64. Suppose -s = -m + 7. Suppose 5*i - 2*v = -14 + m, 0 = -v. Determine t(i).
6
Let z(c) = c - 13. Let x be z(13). Let w(q) be the second derivative of -q + 1/2*q**3 + 0 + 1/12*q**4 + x*q**2. Calculate w(-4).
4
Let s(m) = 2*m**2 + 12 - 3*m**2 - 7. Give s(0).
5
Let v = 15 + -18. Let c be (0 + 2)*(-3)/(-2). Let j(b) = 3*b - c - 8*b + 0 - 2*b**2. What is j(v)?
-6
Let u(q) be the third derivative of -q**4/24 + q**3/6 + 6*q**2. Let r be (-11)/3 - (-4)/6. Calculate u(r).
4
Suppose 0 = -0*y + 2*y. Suppose -2*w + 12 - 2 = y. Let d(t) = t**2 - 5*t + 7. Calculate d(w).
7
Let d(t) = -3 + 7*t + 9 + 0*t**2 + t**2. Suppose 23 - 8 = -3*q. Determine d(q).
-4
Let s be -11*(-1)/2*2. Let t = -15 + s. Let l(y) be the second derivative of y**3/3 + 3*y**2/2 + 9*y. What is l(t)?
-5
Let m(t) be the third derivative of 0 - 1/3*t**3 + 1/60*t**5 + 4*t**2 + 0*t + 1/24*t**4. Determine m(2).
4
Suppose -2*i + 10 = -b + 4*b, 2*b - 2*i = -10. Let y(v) be the third derivative of 0*v + b - 4*v**2 + 1/10*v**5 + 0*v**3 - 1/120*v**6 - 5/24*v**4. What is y(4)?
12
Let b(o) = o**2 - 2*o + 2. Let f = 5 - 1. Suppose 2*k + 40 = f*k. Suppose -2*c - c - 3*y = -24, 4*y = -c + k. Determine b(c).
10
Let x(t) = 1 - 2 - 4*t**3 + 2*t**2 + 3*t**3. Let m = 1 - 2. Determine x(m).
2
Let v(p) = 4*p**3 - p**2 + 2*p - 1. Suppose -1 = -2*y + 11. Let d(g) = g**3 - 6*g**2 + 1. Let b be d(y). Determine v(b).
4
Suppose 16 + 19 = 5*l. Suppose 3 = 2*n - l. Let m(z) = -z**3 + 5*z**2 + 3. Let r be m(n). Let k(p) = -p**3 + 3*p**2 + 2*p. Determine k(r).
6
Let f = -4 + -1. Let x(q) = 2*q - 2. Calculate x(f).
-12
Let a = -12 + 20. Suppose 4*m = a*m. Let z(x) = -x**2 + 1. Determine z(m).
1
Let k(j) = 3*j + 5. Let f(g) be the first derivative of -g**2 - 4*g + 4. Let q(o) = 4*f(o) + 3*k(o). Determine q(0).
-1
Let m(q) = -q**2 - 4. Let f be m(0). Let p = -9 + 12. Let o(d) = 3*d**3 + d**2 - d + 5. Let k(u) = 4*u**3 + 5. Let r(i) = p*o(i) - 2*k(i). Calculate r(f).
1
Let c(i) be the third derivative of -i**4/24 + 3*i**3 + 8*i**2. Calculate c(8).
10
Let k(r) = -r**3 + 4*r**2 + r. Let b(d) be the first derivative of d**3/3 + 2*d**2 - 3*d + 3. Let i be b(-6). Let t = -5 + i. Calculate k(t).
4
Suppose 0 = 6*k + 20*k - 52. Let z(n) = -n**3 + 2*n**2 + n. What is z(k)?
2
Let c(s) = -2*s + 20. Let f be c(9). Let y(g) = 8*g + 2. What is y(f)?
18
Let v(r) = r - 4. Let q(x) = -x + 10. Let h be (-12)/(-3) + 0 + 2. Let l be q(h). What is v(l)?
0
Let v(b) be the third derivative of -b**4/24 + 4*b**3/3 - 10*b**2. Let d(k) = -k**2 - 6*k + 3. Let z be d(-5). Give v(z).
0
Let p = 3 - 2. Let c = p + -4. Let m(h) = h**3 + 4*h**2 + h - 3. What is m(c)?
3
Let r(a) = -a**2 - 8*a - 5. Let l = -16 + 11. Let y = -11 - l. Calculate r(y).
7
Let o(t) = 6*t**2 - 7*t - 7. Let r(d) = -6*d**2 + 6*d + 6. Let y(k) = 5*o(k) + 6*r(k). Suppose 3*z + 4 = -z. Determine y(z).
-6
Let u(z) = 6 + z**2 - z**2 + 0*z**2 + z**2 + z**3. Give u(0).
6
Let i(u) be the first derivative of u**6/360 - u**5/60 - u**4/6 + u**3/3 + 2. Let f(v) be the third derivative of i(v). Let g be 17/5 + (-4)/10. Give f(g).
-1
Let b(n) = 14*n**3 + n**2. Suppose 0*d + 1 = -d. Determine b(d).
-13
Let c(g) be the second derivative of g**5/20 + 7*g**4/12 - 11*g**3/6 - 4*g**2 - 21*g. Calculate c(-8).
16
Let g(x) = -x**3. Let o be g(-1). Let a(w) = -o + w - 2 - 2 + 2. Determine a(3).
0
Let u(o) be the second derivative of o - 1/6*o**3 + 0 + 3/2*o**2. Let j(d) = 2*d**2 + 7*d - 11. Let m be j(-5). Determine u(m).
-1
Let k(g) = -3*g**2 + 2*g - 1. Let q(x) = -x**2 - x + 1. Let j be q(-2). Let v be 1/((-3)/(-2 + j)). What is k(v)?
-2
Let u(s) = -s**2 - 7*s - 16. Let y be u(-4). Let k(v) = 3*v + 5. Give k(y).
-7
Let o(v) = 1 - 6*v + 5*v + 1. What is o(2)?
0
Let k(a) = -a**3 - 4 - 3 + a**2 + 0*a**2. Suppose -g - g = 